f 444/296*(0 + 1 - -61*93)?
3, 2837
Let u = 16 - -31. Suppose -k + s + 3 = -8, -4*k + 3*s + u = 0. Suppose 2*p = k + 104. List the prime factors of p.
59
Let o be (-2)/(-1) - (-807)/3. Let u(n) = -47*n + 53. Let b be u(-2). Let r = o - b. What are the prime factors of r?
2, 31
Suppose -10202 = -2*z - 0*a - 4*a, -3*a = 4*z - 20394. What are the prime factors of z?
3, 1699
Suppose 0*z + 152 = -4*z. Let g = z + 38. Suppose 0 = -3*d + 4*d - 4*v - 84, d - v - 78 = g. List the prime factors of d.
2, 19
Suppose 2*k - 1 = 1. Let d be (-4)/(-3 + k)*1. List the prime factors of d/(-5) + (-607)/(-5).
11
Let p(t) = t - 19. Let g be p(3). Let n(y) = 2*y + 34. Let a be n(g). What are the prime factors of (-3 + 60/16)/(a/360)?
3, 5
Suppose 191*a - 961809 = -121*a + 11994615. What are the prime factors of a?
131, 317
Suppose -13*w + 41217 = -2*w. Suppose 10*t = w - 727. Suppose -t = -7*j + 461. What are the prime factors of j?
109
Suppose 7*i = i + 144. Let a(x) = 2*x**3 + x**2 + x - 1. Let z be a(-2). Let s = i + z. List the prime factors of s.
3
What are the prime factors of 8/2 - (36 + (-12499 - 21))?
2, 7, 223
Suppose -49*o + 92 = -52*o - 175. Suppose -m - 168 = 2. Let f = o - m. What are the prime factors of f?
3
Suppose -30*o + 39304 = -122396. What are the prime factors of o?
2, 5, 7, 11
Suppose 0 = 5*q - 3*q + 3*o - 10, -14 = -2*q - 5*o. Let h be (41 - -2)/(2/q). Suppose -23*y - h = -24*y. What are the prime factors of y?
43
Suppose 4*g - 28 = 4*t, -4*g - 5*t - 22 = -14. Suppose -2*u = 2, z + g*u - 187 = 116. What are the prime factors of z?
2, 3, 17
Let d be -1*(-2 - 0/2). Let j = 1085 - 665. What are the prime factors of -2*d - j/(-4)?
101
Let s(h) = -7*h - 47. Let z be s(-7). List the prime factors of (13 + 17)*25/z.
3, 5
Let k(s) = 147*s**3 - 142*s**3 - 8*s + s**2 - 1 - s**2 - s**2. Let c be k(5). Suppose 3*j - c = -10*j. List the prime factors of j.
43
Let b be ((-4810)/(-70) - 4/(-14)) + 6. List the prime factors of (1/5 + (-190)/b)*-246.
2, 7, 41
Let w = -64987 - -95141. List the prime factors of w.
2, 15077
Suppose 3*r - 67629 = -3*b, 0*b - 3*b = -3*r - 67659. List the prime factors of b.
2, 3, 1879
Let i(h) = -9*h**2 + 27*h - 28. Let m(w) = -7*w**2 + 26*w - 30. Let d(l) = 4*i(l) - 5*m(l). List the prime factors of d(-14).
2, 3, 5
Suppose 102*h - 346464 = 30*h. What are the prime factors of h?
2, 3, 401
Let u be (-26)/(-195) - 13556/(-30). Suppose -5*l - 5*k = -17 - 423, 5*l = k + u. What are the prime factors of l?
2, 3, 5
Let s be 0 - 0 - 682/(-11). Let c = -35 + s. Let w = c + -18. What are the prime factors of w?
3
Suppose -32148 = 15*k + 4*k. Let u = -727 - k. List the prime factors of u.
5, 193
Suppose 16*a + 18 = -2*a. Let j be -50 + 52 - a*(5 - 1). Suppose -419 - 61 = -j*n. List the prime factors of n.
2, 5
Let l(u) = u**3 - 2*u**2 - 23*u + 3829. List the prime factors of l(0).
7, 547
Suppose 3*r = -n + 2436, 4869 = -735*n + 737*n + 3*r. What are the prime factors of n?
3, 811
Suppose -p = 3*c + 62, p + 2*c + 41 = -23. Let r = 1140 - 1132. What are the prime factors of 2*(-3 + 20/r)*p?
2, 17
Let c(q) = -q**3 + 8*q**2 + 7*q - 22. Let z be c(7). Suppose -z*d = -77*d + 76. List the prime factors of d.
2, 19
Let b(r) = r**3 + 5*r**2 + 3*r - 1. Let z be b(-4). Let y = 11569 + -11291. Suppose 5*m - y = -z*w + 6*m, 376 = 4*w - 4*m. What are the prime factors of w?
2, 23
Suppose -4*x - 2*g + 4740 = -2830, -5*x - 3*g = -9462. List the prime factors of x.
3, 631
Let u(f) = f**3 + 13*f**2 - 5. Let l be u(-13). Let d(g) = -90*g - 32. List the prime factors of d(l).
2, 11, 19
Let n = -196 - -196. Suppose 0*v + v - 301 = n. List the prime factors of v.
7, 43
Let n(c) = 226*c**3 - 7*c**2 + 8*c. Let l be n(1). Let o = 224 + l. What are the prime factors of o?
11, 41
Let u(v) = -163*v**3 + 20*v**2 + 58*v - 88. What are the prime factors of u(-5)?
103, 199
Suppose -175 + 163 = -2*u. Let n(y) = 3*y**3 - 4*y**2 - 2*y - 36. List the prime factors of n(u).
2, 3, 19
Suppose 7 - 9 = -v. Let k(u) = -9*u**3 - v*u + 10*u**2 + 8*u**3 + 2*u - 14. List the prime factors of k(7).
7, 19
Suppose 6*q - 5 = -35. List the prime factors of 17028/30 + (-2)/q.
2, 71
Suppose 9*w - 5 = 4*w. Let t(s) = -8*s - 1. Let a be t(1). List the prime factors of (232/(-24))/(w/a - 0).
3, 29
Let n = -2774 - -5800. List the prime factors of n.
2, 17, 89
Let g(f) = -f**3 - 3*f**2 + 4*f + 5. Let m be g(-4). Suppose -a - m*a = -30. Suppose a*n - 16 = 159. List the prime factors of n.
5, 7
Let u(z) = -z**2 + 2*z + 3. Let t be ((-7)/42*0)/(-1*2). Let j be u(t). What are the prime factors of (j - -123) + -5 + 9?
2, 5, 13
List the prime factors of (-5*(-21)/60)/((35/(-71980))/(-7)).
7, 59, 61
Suppose -86*s - 40093 = -o - 87*s, 2*s = 6*o - 240622. What are the prime factors of o?
3, 13367
Suppose -5*a = a - 24. Suppose a*j = -j. Suppose 4*q - 4*p - 128 = 0, j*p = -q - p + 40. List the prime factors of q.
2, 3
List the prime factors of -11 + 2*(-30163)/(-14).
2, 7, 307
Let f = -6849 - -6983. What are the prime factors of f?
2, 67
Suppose 8 = -4*s + k, -2*s - k = k + 14. Let v be s/2*((-14)/6 - 1). Suppose 154 + 467 = v*l - 3*w, 5*w - 15 = 0. List the prime factors of l.
2, 3, 7
Let q = 56 - 54. Suppose -397 = -q*j + 229. List the prime factors of j.
313
Let x(r) = 2*r**2 - 22*r - 55. Let h(y) = y**2 + y - 1. Let i(a) = -3*h(a) + x(a). Let t be i(-23). What are the prime factors of t/(724/244 + -3)?
3, 61
Let n(q) = 166*q**2 + 3*q. Let h = -133 - -134. What are the prime factors of n(h)?
13
Suppose 8*g = -3*g + 110. Let r(l) = 21*l - 159. What are the prime factors of r(g)?
3, 17
Let n = -861 - 378. Let z = n - -1919. List the prime factors of z.
2, 5, 17
Let r = -13240 + 16244. List the prime factors of r.
2, 751
Let a be 12*2/((-30)/(-125)). Suppose -8*z = -4*z - a. Suppose 3*p = 4*y - 164, -4*p + 9 - z = 0. What are the prime factors of y?
2, 19
Let p = -22 - -28. Suppose 19*t + p*t = 9675. List the prime factors of t.
3, 43
Suppose -3*h + 4*k = -0*k - 3, -5*h + 2*k - 9 = 0. Let f(w) = w**3 + 10*w**2 + 3*w - 4. List the prime factors of f(h).
2, 5
Suppose -6*c + 99 = -1035. Suppose 2*l - v - 4*v - c = 0, 3*l = 2*v + 311. What are the prime factors of l?
107
Let v(g) = g**2 - 9*g + 4. Let t be v(9). Suppose 3*n - 22 = -t. Suppose 2*j - 2*w = 82, -n*w + 151 = 3*j - 2*w. What are the prime factors of j?
3, 5
Let h(s) = -s**3 - 7*s**2 + s + 12. Let b(o) = 4*o - 17. Let d be b(5). Suppose 0 = d*g + 2*j + 27, -2*g + 0*j + 5*j = -1. What are the prime factors of h(g)?
5
Let i(a) = -a**3 - 15*a**2 - 23*a - 16. Let c be i(-13). Let k = 100 + c. List the prime factors of -2*(2 - k/2) - -2.
43
Let r = 96 + -89. What are the prime factors of (-1)/r - (-4)/56*3082?
2, 5, 11
Let n(u) = 485*u - 137. List the prime factors of n(19).
2, 3, 17, 89
Let z(j) = 0 + 0*j + 15 + j + 3*j. Let h be z(0). Suppose -2*k - 455 = -4*g + 531, -5*k = -h. What are the prime factors of g?
2, 31
List the prime factors of (-147)/63*(-26690)/35 + 5/3.
13, 137
Let o(v) = -34*v + 2. Let n be o(1). Let q(i) = -i**3 - 32*i**2 - 10*i - 5. What are the prime factors of q(n)?
3, 5, 7
Let f(r) = -314*r**3 - 5*r**2 - 18*r - 33. What are the prime factors of f(-3)?
2, 3, 1409
Let y(d) = 183*d - 64. Let p be (-3)/((-2 + 1)*1). What are the prime factors of y(p)?
5, 97
What are the prime factors of 8379 + 9/(18/(-4))?
8377
Let v(f) = 13*f**2 - 25*f - 325. List the prime factors of v(27).
7, 173
Suppose 3 = -g, 8*j - 5*g - 567 = 4*j. Let t = 141 - j. Suppose -t*s - 1778 = -10*s. What are the prime factors of s?
2, 127
Let z(j) = 5*j**2 - 15*j + 91. Suppose -5*w + 50 = -4*n, 4*w + 1 = -2*n + 15. What are the prime factors of z(w)?
181
Let i(q) = 5*q**3 + 26*q**2 - 52*q + 6. Let x(g) = -g**3 - 2*g**2 - g. Let s(f) = -i(f) - 6*x(f). List the prime factors of s(11).
269
Let b(n) = -n**2 + 1. Let g be b(-1). Let p(i) = -i + 112. Let q be p(g). Let c = q + -24. List the prime factors of c.
2, 11
Let a(d) = 850*d - 2. Let i be a(2). Suppose -6*z - i = -5*z. What are the prime factors of z/(-21) - (-5)/35?
3
Let g be -1*(-2 + -49 + -7). Suppose -55*v + g*v + 2504 = 4*t, 626 = t - 4*v. What are the prime factors of t?
2, 313
List the prime factors of ((-1677)/(-6) - -12)/(1246/(-312) + 4).
2, 3, 11, 13, 53
Let j = 162 - 672. Let g = -285 - j. What a